
211
Calculate the highest common divisor of 13783 and 358.
179
Calculate the highest common divisor of 435783 and 87.
87
What is the highest common divisor of 15287983 and 2441?
2441
Calculate the highest common factor of 68431 and 154.
11
What is the highest common divisor of 247215 and 165?
15
What is the greatest common factor of 44467 and 66281?
839
Calculate the greatest common divisor of 123589 and 73.
73
What is the greatest common divisor of 328 and 64?
8
What is the greatest common divisor of 29043 and 504?
63
What is the greatest common factor of 1800 and 3340?
20
Calculate the highest common factor of 2340 and 55900.
260
Calculate the greatest common divisor of 4966 and 2314.
26
Calculate the highest common factor of 514534 and 1468.
734
Calculate the greatest common divisor of 104024 and 8.
8
What is the highest common divisor of 1108008 and 6?
6
What is the greatest common divisor of 281149 and 183?
61
Calculate the greatest common divisor of 820778 and 49.
7
What is the highest common factor of 450 and 734300?
50
What is the highest common factor of 5300 and 327010?
530
What is the highest common divisor of 15605 and 3?
1
What is the highest common divisor of 39 and 95069?
13
What is the greatest common factor of 1214502 and 246?
246
Calculate the greatest common factor of 54456 and 16.
8
What is the highest common factor of 2 and 23856?
2
What is the highest common divisor of 291 and 23676?
3
Calculate the highest common divisor of 165971 and 104.
13
What is the greatest common divisor of 4153480 and 40?
40
What is the greatest common divisor of 1277636 and 171?
19
What is the greatest common factor of 8369013 and 1097?
1097
What is the greatest common divisor of 59409 and 84042?
1449
What is the highest common divisor of 12334 and 56?
14
What is the highest common factor of 93 and 31186?
31
What is the greatest common divisor of 2337 and 54981?
123
What is the greatest common factor of 61202 and 117232?
862
Calculate the greatest common factor of 1387 and 1558.
19
What is the highest common divisor of 372 and 3636?
12
Calculate the greatest common divisor of 1625 and 32175.
325
What is the highest common factor of 403 and 3193?
31
Calculate the highest common divisor of 85705 and 562.
281
Calculate the highest common divisor of 147856 and 416.
16
What is the greatest common factor of 196115 and 2135?
305
Calculate the highest common divisor of 408 and 114.
6
What is the greatest common factor of 1089 and 5274?
9
What is the greatest common factor of 10400 and 429?
13
Calculate the greatest common factor of 3984 and 964875.
249
Calculate the greatest common divisor of 1902693 and 312.
39
What is the highest common factor of 35584 and 576?
64
What is the greatest common factor of 17888 and 2016?
32
What is the greatest common divisor of 11948 and 25029?
103
What is the highest common factor of 356730 and 12?
6
Calculate the greatest common factor of 66349 and 129.
43
What is the highest common divisor of 27312 and 16?
16
What is the greatest common divisor of 3914 and 8854?
38
Calculate the greatest common factor of 258 and 195048.
258
Calculate the greatest common factor of 2449481 and 433.
433
What is the greatest common divisor of 29061 and 9?
9
Calculate the highest common factor of 1216 and 656.
16
Calculate the highest common divisor of 473 and 135837.
43
Calculate the highest common divisor of 46009 and 59249.
331
Calculate the greatest common factor of 897 and 920.
23
Calculate the highest common divisor of 110334 and 3626.
518
Calculate the greatest common factor of 28275 and 1600.
25
Calculate the highest common divisor of 1569469 and 11.
11
Calculate the highest common divisor of 24 and 54424.
8
What is the highest common factor of 578721 and 18183?
627
What is the highest common divisor of 46782 and 144?
18
Calculate the highest common divisor of 91 and 6539.
13
Calculate the greatest common divisor of 16 and 15082.
2
Calculate the greatest common factor of 12 and 496954.
2
Calculate the highest common divisor of 108 and 93321.
9
Calculate the greatest common factor of 524062 and 2583.
287
What is the highest common factor of 1220 and 505?
5
Calculate the highest common divisor of 370060 and 220.
20
Calculate the highest common divisor of 14108 and 118.
2
What is the highest common divisor of 24446 and 306?
34
What is the greatest common divisor of 184618 and 28?
14
Calculate the greatest common divisor of 9077 and 464.
29
Calculate the highest common factor of 148 and 18130.
74
What is the greatest common factor of 50203 and 305?
61
Calculate the highest common divisor of 4807 and 6061.
209
Calculate the highest common factor of 1444 and 452.
4
Calculate the greatest common factor of 259 and 10693.
37
What is the greatest common factor of 90 and 757395?
45
Calculate the highest common divisor of 597 and 243.
3
Calculate the greatest common divisor of 634581 and 1026.
513
What is the highest common divisor of 106 and 42347?
53
Calculate the greatest common divisor of 463488 and 816.
816
Calculate the greatest common divisor of 1 and 1703.
1
Calculate the highest common factor of 2510 and 96886.
502
What is the greatest common divisor of 36 and 184356?
36
Calculate the greatest common divisor of 9699 and 1464.
183
What is the greatest common factor of 6232 and 40?
8
What is the greatest common factor of 38541 and 5829?
87
What is the highest common factor of 1563051 and 372?
93
What is the highest common factor of 66197 and 53?
53
What is the highest common factor of 324864 and 16?
16
What is the greatest common divisor of 14 and 13139?
7
Calculate the highest common factor of 380 and 907820.
380
Calculate the greatest common divisor of 158891 and 667.
29
Calculate the greatest common divisor of 183 and 167079.
183
Calculate the highest common divisor of 468 and 41860.
52
Calculate the greatest common factor of 1155 and 1561.
7
Calculate the greatest common factor of 4 and 9748.
4
What is the highest common factor of 1598 and 238?
34
Calculate the highest common factor of 204 and 121686.
102
Calculate the greatest common factor of 15040 and 3102.
94
Calculate the highest common divisor of 84876 and 264.
132
What is the highest common factor of 106 and 3372337?
53
Calculate the greatest common factor of 225 and 602325.
225
What is the greatest common factor of 1265 and 20493?
253
What is the highest common factor of 27412 and 224?
28
Calculate the highest common factor of 6890 and 26765.
265
Calculate the greatest common divisor of 580 and 13520.
20
What is the highest common divisor of 36889 and 999?
37
What is the highest common factor of 288 and 12984?
24
What is the highest common factor of 5000 and 17200?
200
Calculate the highest common divisor of 2938 and 5473.
13
Calculate the greatest common factor of 4945 and 265.
5
Calculate the highest common factor of 592 and 26344.
296
What is the highest common factor of 115830 and 110?
110
Calculate the highest common divisor of 1057 and 68403.
151
What is the highest common divisor of 1485 and 1955?
5
Calculate the greatest common factor of 40 and 260992.
8
What is the highest common factor of 43378 and 117875?
943
Calculate the highest common factor of 4700 and 4300.
100
Calculate the greatest common divisor of 612 and 8412.
12
What is the highest common factor of 85233 and 9?
3
Calculate the greatest common divisor of 9898250 and 289.
289
What is the highest common divisor of 3304 and 2596?
236
Calculate the greatest common factor of 397155 and 561.
33
What is the highest common factor of 281 and 44679?
281
What is the highest common divisor of 74210 and 1267?
181
Calculate the highest common divisor of 800 and 1379600.
400
What is the highest common factor of 460 and 1225624?
92
What is the greatest common factor of 1800 and 5850?
450
What is the highest common divisor of 5104 and 2992?
176
Calculate the highest common factor of 4992 and 1677.
39
Calculate the highest common factor of 62 and 48515.
31
Calculate the highest common divisor of 1445849 and 74.
37
Calculate the greatest common factor of 39 and 10077.
3
Calculate the greatest common divisor of 1602 and 5094.
18
Calculate the greatest common factor of 902 and 474042.
82
Calculate the highest common fa